 193*u**2 - 115*u - 1727. Give c(-97).
19
Let l(k) = 575*k - 6327. Calculate l(11).
-2
Let w(l) = -l**2 + 11*l + 14. What is w(5)?
44
Let b(z) = -37*z + 1023. Calculate b(30).
-87
Let j(o) = o**3 - 14*o**2 + 9*o + 47. Calculate j(13).
-5
Let w(a) = 2*a**2 - 38*a + 31. Determine w(15).
-89
Let t(x) = -2*x**2 + 2*x + 1. Determine t(9).
-143
Let d(q) = q**3 + 5*q**2 - 6*q + 68. Determine d(-8).
-76
Let a(g) = 116*g + 148. Give a(-3).
-200
Let x(c) = -c**2 - 39*c + 369. Give x(-47).
-7
Let w(p) = -p**3 - 5*p**2 + 27*p - 48. What is w(6)?
-282
Let f(c) = 14*c + 168. What is f(-16)?
-56
Let i(u) = -158*u - 1409. Determine i(-9).
13
Let t(c) = 2*c**3 - 11*c**2 - 88*c - 33. Calculate t(10).
-13
Let v(a) = -8*a - 16. Determine v(23).
-200
Let t(b) = 803*b - 19233. What is t(24)?
39
Let a(g) = 175*g + 4730. Give a(-27).
5
Let r(j) = -27*j**2 + 83*j + 36. Determine r(3).
42
Let k(o) = o**3 + 5*o**2 - 12*o + 28. Give k(-7).
14
Let f(w) = 1849*w - 20343. What is f(11)?
-4
Let u(f) = -2*f**2 - 242*f + 237. Calculate u(1).
-7
Let q(d) = 277*d**2 + 5266*d + 49. Calculate q(-19).
-8
Let i(t) = -t**2 + 89*t + 2456. Calculate i(-22).
14
Let v(h) = -h**3 - 297*h**2 + 2435*h + 41. Calculate v(8).
1
Let m(u) = -13*u - 3. Determine m(-13).
166
Let b(y) = 2*y**2 - 19*y - 373. Determine b(-10).
17
Let j(b) = -37*b**2 + 1590*b + 24. Determine j(43).
-19
Let i(b) = 333*b + 676. Determine i(-2).
10
Let z(s) = -2*s**2 - 64*s + 949. Give z(-41).
211
Let n(d) = 5*d**2 - 2*d + 6. What is n(-3)?
57
Let g(h) = 118*h**2 - 62*h - 62. Calculate g(-1).
118
Let a(w) = -337*w - 12108. Give a(-36).
24
Let w(q) = 36*q + 611. Give w(-11).
215
Let t(j) = 3*j**2 + 45*j + 36. Calculate t(-13).
-42
Let v(j) = -4*j**3 - 3*j**2 - 10*j - 8. Calculate v(-3).
103
Let d(l) = 4*l**2 - 31*l. What is d(13)?
273
Let b(f) = -5*f**2 - 38*f + 93. What is b(3)?
-66
Let a(d) = -1036*d - 8336. Determine a(-8).
-48
Let a(i) = i**3 + 20*i**2 - 33*i - 286. Determine a(-21).
-34
Let g(q) = 2*q**2 + 92*q + 944. Calculate g(-15).
14
Let f(r) = -r**3 - 9*r**2 - 3*r - 17. Calculate f(-8).
-57
Let s(x) = 6*x**3 - 2*x**2 + 2*x + 3. Calculate s(3).
153
Let w(m) = m**2 - 50*m - 623. What is w(-17)?
516
Let u(r) = 44*r - 3209. Calculate u(74).
47
Let a(r) = -r**2 + 225*r - 11169. Calculate a(74).
5
Let f(x) = -362*x + 7. Calculate f(1).
-355
Let j(f) = -3*f**2 + 40*f - 24. Give j(15).
-99
Let t(q) = -8*q - 265. Give t(-33).
-1
Let k(o) = -o**2 + 20*o - 10. What is k(20)?
-10
Let h(z) = -5*z**2 - 45*z - 204. Calculate h(-12).
-384
Let h(j) = 2*j**3 + 36*j**2 - 3*j - 122. What is h(-18)?
-68
Let c(m) = 3*m**2 - 24*m + 98. Determine c(6).
62
Let w(a) = a**3 - 44*a**2 + 44*a - 47. What is w(43)?
-4
Let j(l) = -6*l**2 + 47*l + 104. Determine j(-5).
-281
Let b(m) = -m**3 - 19*m**2 + 210*m + 3996. Calculate b(-18).
-108
Let x(o) = -8*o**2 - o + 13. What is x(-7)?
-372
Let h(x) = 103*x**2 - 7*x + 13. Determine h(2).
411
Let t(n) = n**2 - 204*n + 1042. Give t(5).
47
Let q(f) = -2*f**3 - 20*f**2 - 35*f - 257. Determine q(-9).
-104
Let l(q) = 102*q + 2146. Calculate l(-21).
4
Let a(h) = -h**3 + 15*h**2 - 37*h - 26. Determine a(12).
-38
Let u(d) = 4*d - 91. What is u(24)?
5
Let m(i) = -23*i**2 - 5*i + 9. What is m(3)?
-213
Let x(w) = w**3 - 12*w**2 + 60*w - 89. What is x(5)?
36
Let b(f) = -f + 216. Give b(-8).
224
Let g(y) = -y**3 - 14*y**2 + 9*y - 81. What is g(-15)?
9
Let h(d) = -3*d**3 - 39*d**2 - 26*d + 112. Calculate h(-12).
-8
Let n(q) = 2531*q - 32900. What is n(13)?
3
Let p(o) = -o**2 + 133*o - 1418. Give p(12).
34
Let m(j) = -3*j**2 + 101*j - 810. Give m(13).
-4
Let y(n) = 2*n**2 - 14*n - 187. What is y(-9)?
101
Let v(k) = -19*k**3 + 52*k**2 + 10*k - 1. Give v(3).
-16
Let j(f) = -34*f + 2673. What is j(77)?
55
Let w(t) = -t**3 + 71*t**2 - 566*t + 500. Give w(62).
4
Let o(y) = 102*y - 1443. What is o(14)?
-15
Let t(j) = j**2 + 7*j + 16. Calculate t(-11).
60
Let q(b) = -45*b - 4681. Calculate q(-104).
-1
Let h(d) = d**3 + 12*d**2 - 31*d - 52. Give h(-14).
-10
Let j(h) = 17*h + 195. Determine j(-12).
-9
Let r(m) = -2*m**2 - 96*m + 1639. What is r(-62)?
-97
Let z(t) = t**2 + 23*t - 35. Calculate z(12).
385
Let h(m) = 94*m + 80. Determine h(-1).
-14
Let q(f) = 69*f - 1243. Give q(18).
-1
Let d(s) = -2*s**2 - 604*s - 16790. Give d(-271).
12
Let u(y) = 10*y**2 - 793*y + 238. Determine u(79).
1
Let d(z) = -10*z**2 - 17*z - 48. Calculate d(-6).
-306
Let g(o) = 159*o**2 - 73*o + 142. Give g(2).
632
Let z(k) = -k**2 - 103*k - 2237. Determine z(-72).
-5
Let x(a) = 2*a**3 - 13*a**2 - 12*a - 18. Calculate x(8).
78
Let q(i) = -31*i - 1517. Give q(-50).
33
Let x(a) = -90*a - 3063. What is x(-35)?
87
Let t(g) = 58*g**2 + 1043*g - 28. Determine t(-18).
-10
Let m(s) = 17*s + 123. What is m(-9)?
-30
Let x(d) = -119*d - 19394. Calculate x(-163).
3
Let t(f) = -f**2 + 173*f - 5229. Give t(39).
-3
Let a(h) = -h**2 + 5011*h - 50012. Give a(10).
-2
Let h(f) = -f**3 + 2*f**2 - 24*f - 93. Calculate h(0).
-93
Let i(p) = p**3 + 32*p**2 + 92*p + 140. What is i(-29)?
-5
Let i(p) = p**3 + 16*p**2 + 50*p - 44. What is i(-11)?
11
Let i(r) = r**3 - 35*r**2 + 34*r + 7. Give i(34).
7
Let y(c) = -c**2 + 23*c + 233. What is y(-7)?
23
Let j(y) = 27*y - 132. Give j(6).
30
Let u(v) = -7*v**2 + 41*v - 211. Give u(6).
-217
Let w(t) = -418*t - 12954. What is w(-31)?
4
Let l(h) = -567*h - 10773. What is l(-19)?
0
Let b(s) = -2*s**3 - 118*s**2 + 377*s + 126. Determine b(-62).
-184
Let u(s) = -s**3 + 5*s**2 + 2*s - 2. Calculate u(6).
-26
Let l(w) = 16079*w + 160790. What is l(-10)?
0
Let r(x) = x**3 + 30*x**2 + 57*x + 85. What is r(-28)?
57
Let f(w) = w**3 - 13*w**2 - 15*w + 3. Calculate f(8).
-437
Let w(s) = 732*s - 16075. Give w(22).
29
Let z(n) = -2091*n - 10446. Determine z(-5).
9
Let t(q) = 365*q - 29563. Determine t(81).
2
Let d(j) = 26*j + 321. Determine d(-38).
-667
Let y(h) = -17*h**2 + h. What is y(-1)?
-18
Let f(v) = v**3 + 6*v**2 + 2*v - 7. Determine f(-3).
14
Let a(r) = 183*r - 311. Give a(2).
55
Let w(s) = -s**3 + 10*s**2 + 14*s - 67. Determine w(-3).
8
Let b(f) = f**2 - 5*f - 209. What is b(16)?
-33
Let v(f) = 2*f**2 - 165*f - 3356. Give v(-17).
27
Let f(l) = -l**3 - 49*l**2 - 14*l - 449. Calculate f(-49).
237
Let w(g) = 4*g + 387. Calculate w(-101).
-17
Let t(h) = 38*h**3 + 607*h**2 - 22*h + 24. Calculate t(-16).
120
Let s(m) = -2*m**3 + 268*m**2 + 254*m + 2164. Calculate s(135).
4
Let z(f) = f**2 + 57*f - 35853. Calculate z(163).
7
Let k(n) = 1440*n - 2878. What is k(2)?
2
Let c(w) = w**2 + 85*w + 939. Give c(-72).
3
Let l(q) = 97*q - 3431. Give l(34).
-133
Let k(n) = 33*n + 1680. Calculate k(-50).
30
Let h(d) = -80*d - 126. Calculate h(-7).
434
Let n(z) = z**2 + 36*z + 74. What is n(-34)?
6
Let o(x) = 8*x - 226. Give o(33).
38
Let h(u) = u**3 - 172*u**2 + 337*u + 510. Give h(170).
0
Let b(c) = 39*c - 104. Give b(3).
13
Let z(n) = 4*n**2 + 250*n - 924. Calculate z(-66).
0
Let b(s) = 39*s + 48. Calculate b(-19).
-693
Let n(o) = -o**3 - 8*o**2 - 7*o - 66. Give n(-5).
-106
Let j(r) = -14*r**3 - 241*r**2 - 52*r + 5. Give j(-17).
22
Let g(x) = 2*x**3 - 303*x**2 + 155*x - 610. Give g(151).
-6
Let a(n) = -471*n + 6118. Determine a(13).
-5
Let n(p) = p**3 + 19*p**2 - 64*p - 873. Determine n(-20).
7
Let g(w) = 2*w**2 - 476*w + 2361. What is g(5)?
31
Let n(r) = -3054*r + 3054. What is n(1)?
0
Let a(p) = -37*p + 709. What is a(19)?
6
Let c(k) = 90*k + 453. Calculate c(-5).
3
Let z(b) = -5*b**2 - 255*b + 179. Calculate z(-53).
-351
Let c(u) = -184*u - 2724. Determine c(-15).
36
Let d(a) = 2*a. Give d(26).
52
Let f(v) = -v**2 + 196*v - 6473. Determine f(42).
-5
Let k(x) = -x**2 + 168*x + 81154. Calculate k(-213).
1
Let g(h) = 4*h**2 - 16*h + 358. Give g(13).
826
Let m(j) = -j**3 + 168*j**2 + 338*j + 552. Determine m(170).
212
Let t(d) = d**3 - 6*d + 47. Give t(6).
227
Let o(l) = l**3 + 10*l**2 + 17*l - 5. Calculate o(-8).
-13
Let h(m) = 3*m**3 + 38*m**2 - 14*m + 610. What is h(-14)?
22
Let w(r) = 6*r**3 - 5*r**2 - 15*r + 79. Give w(3).
151
Let x(o) = -o**3 - 16*o**2 - 12*o - 18. Determine x(-15).
-63
Let w(x) = -x**2 - 51*x - 317. What is w(-52)?
-369
Let t(c) = -2*c**3 + 6*c + 5. Give t(-1).
1
Let h(a) = a**3 + 35*a**2 + 69*a - 64. What is h(-33)?
-163
Let m(v) = v**2 - 7*v + 11. What is m(4)?
-1
Let f(s) = 3*s**2 + 81*s - 719. Give f(9).
253
Let a(p) = -p**3